 (base 11) to base 6.
-2533532
Convert -68455a (base 14) to base 10.
-3546308
-a9b582 (base 13) to base 12
-1407b89
-6a366 (base 11) to base 5
-11222331
What is -41767 (base 16) in base 5?
-32040020
1201221211201 (base 3) to base 6
31450544
Convert -20121012130 (base 4) to base 11.
-1272958
Convert 203f8 (base 16) to base 13.
48178
Convert 1333231022 (base 4) to base 8.
1775512
What is -110001110210201 (base 3) in base 10?
-6406309
Convert 11000102211 (base 3) to base 7.
446320
Convert 161523 (base 7) to base 16.
7c4a
What is 3814958 (base 10) in base 5?
1434034313
-1001000202212 (base 3) to base 4
-2012230013
284705 (base 9) to base 2
101010011111111010
Convert 3242344 (base 7) to base 9.
664554
Convert 405080 (base 9) to base 6.
5050413
What is 2802446 (base 10) in base 13?
77176a
12806776 (base 9) to base 13
1405191
Convert 102123201 (base 4) to base 11.
51797
Convert -6c8de (base 16) to base 8.
-1544336
5543782 (base 9) to base 3
12121110212202
What is -203735a (base 13) in base 3?
-200100121201000
What is -203146133 (base 7) in base 15?
-10a432b
146472 (base 8) to base 16
cd3a
What is -21010121111220 (base 3) in base 12?
-1329b73
What is -163707 (base 9) in base 15?
-1eea1
Convert 4310222413 (base 5) to base 3.
122001211012012
-1544 (base 12) to base 13
-11a4
Convert -c7d (base 15) to base 3.
-10212101
-1010011000101100011 (base 2) to base 4
-1103011203
3336893 (base 13) to base 16
ef7b33
103123002 (base 4) to base 15
18889
Convert 2210022001 (base 4) to base 11.
41a19a
What is 2401001203 (base 5) in base 6?
313315241
6495a (base 16) to base 2
1100100100101011010
What is -5732503 (base 8) in base 5?
-344204411
Convert -211200143 (base 5) to base 13.
-24b1a2
Convert 4013427 (base 10) to base 2.
1111010011110101110011
What is 112100120010102 (base 3) in base 12?
267a678
What is 367657 (base 16) in base 11?
2018693
-660c75 (base 15) to base 10
-4862810
Convert 2127241 (base 11) to base 13.
a10938
Convert -10011100011 (base 2) to base 13.
-753
Convert -61c73 (base 14) to base 15.
-49c7d
Convert 21133043 (base 5) to base 3.
100000011200
What is 2115544 (base 6) in base 15?
20ab7
Convert -1310da (base 14) to base 6.
-22021024
What is -5b4831 (base 15) in base 13?
-b9c884
-11011101011110010 (base 2) to base 7
-651411
What is -1248448 (base 10) in base 15?
-199d9d
-2a7725 (base 11) to base 2
-1110100110111101111
Convert 1000111000011010000110 (base 2) to base 16.
238686
Convert -4686d (base 16) to base 3.
-112200021011
-6226218 (base 10) to base 9
-12638680
4113 (base 12) to base 16
1b9f
What is 27425 (base 9) in base 11?
12a54
What is -12241142 (base 5) in base 16?
-1ce19
Convert -2212100101 (base 4) to base 13.
-1aac5b
What is 127452 (base 9) in base 4?
102331031
What is 33212101 (base 4) in base 11?
44001
What is 241bb1 (base 16) in base 10?
2366385
1202222213 (base 5) to base 11
16247a3
What is -22454420 (base 7) in base 6?
-110024515
-4511262 (base 9) to base 8
-11207145
-1142932 (base 11) to base 16
-1e70d2
Convert -10170313 (base 9) to base 11.
-2839639
What is -111112121112102 (base 3) in base 16?
-6dcebc
-42255203 (base 6) to base 11
-774898
1100000000100001101 (base 2) to base 10
393485
-25253046 (base 7) to base 14
-4358cd
What is -125520 (base 9) in base 2?
-10010100111001111
-10184a (base 16) to base 10
-1054794
Convert 22000202202 (base 3) to base 5.
20024044
Convert -4040232 (base 8) to base 3.
-2000010001200
-3140463 (base 7) to base 2
-1011100101011001111
Convert 247903 (base 13) to base 8.
3252405
-5504551 (base 6) to base 16
-42b53
Convert -223303222 (base 4) to base 15.
-38274
600565 (base 8) to base 9
330177
-424119 (base 11) to base 14
-139607
What is 10043414 (base 9) in base 12?
17406a1
What is -2112320 (base 5) in base 15?
-a70a
What is 82a0a (base 11) in base 9?
203885
Convert 1010122011221 (base 3) to base 10.
603016
Convert 11111001000000001101111 (base 2) to base 12.
2895a13
-a76b (base 16) to base 14
-11895
What is -12123031120 (base 4) in base 2?
-110011011001101011000
-13510758 (base 9) to base 6
-355100342
Convert 1090d1 (base 16) to base 6.
35134053
-2028b7a (base 12) to base 5
-3020411232
What is 11303230 (base 5) in base 14?
29a57
What is 21212222002 (base 3) in base 15?
31002
Convert 10000110000111111 (base 2) to base 3.
10111012101
What is b9ba1 (base 16) in base 3?
1102122112110
Convert 19159 (base 12) to base 11.
25473
-9e9370 (base 15) to base 8
-34711410
What is -3408937 (base 11) in base 9?
-12210181
-1a0b00 (base 14) to base 15
-133c45
Convert -21003133012 (base 4) to base 14.
-45b010
-43324344 (base 5) to base 12
-15a573
-1058772 (base 9) to base 3
-1001222212102
Convert -4b37ab (base 14) to base 12.
-a471a3
83727 (base 12) to base 11
108345
-166d5 (base 15) to base 16
-11ae9
Convert 2684405 (base 10) to base 12.
a95585
-448227 (base 11) to base 5
-140314222
10002020001 (base 3) to base 7
341611
Convert 1101100011110110 (base 2) to base 11.
38803
What is 1543102 (base 7) in base 15?
42dcd
What is 54a853 (base 11) in base 13?
249925
-1226b5 (base 14) to base 8
-2275647
What is -2c944 (base 13) in base 3?
-11022200111
21032341 (base 6) to base 7
5123200
Convert 4246572 (base 8) to base 5.
242241241
-3223232103 (base 4) to base 8
-3535623
What is -10844 (base 9) in base 5?
-212444
5ab13 (base 14) to base 10
221693
3266e (base 15) to base 6
3233035
Convert -373406 (base 8) to base 2.
-11111011100000110
b8768e (base 15) to base 14
1248c5c
-1201137 (base 9) to base 13
-19a056
What is 492abb (base 12) in base 5?
300440431
What is 100111101101110000 (base 2) in base 3?
22021010220
b216c (base 14) to base 10
428356
Convert -11201022020101 (base 3) to base 10.
-2505745
What is 31017271 (base 8) in base 9?
13310566
What is 37c85 (base 14) in base 9?
227738
-cfd2 (base 16) to base 8
-147722
-596534 (base 11) to base 5
-220230102
Convert 1007634 (base 8) to base 13.
941a4
Convert -12242314 (base 5) to base 14.
-31255
What is 1100111001110110000100 (base 2) in base 3?
20100212010201
Convert -75ba7c (base 13) to base 7.
-32345302
Convert 280e1 (base 16) to base 3.
22100001111
106048 (base 9) to base 6
1205455
Convert -1113122330 (base 4) to base 9.
-605162
What is -35011553 (base 6) in base 15?
-1636e3
What is 12552224 (base 6) in base 3?
210021221021
What is 47c913 (base 13) in base 6?
100414320
-46451 (base 7) to base 4
-2321312
Convert -4354410 (base 7) to base 15.
-a85ec
301133331 (base 4) to base 16
317fd
Convert 25a5bc (base 13) to base 2.
11011101110001001001
What is 5b066 (base 13) in base 2?
101000110010010000
What is 21012002001 (base 3) in base 9?
235061
2212c (base 16) to base 7
1120615
Convert 22431602 (base 9) to base 4.
221201230130
-32b694 (base 15) to base 9
-4484764
What is 4212023 (base 7) in base 9?
852812
Convert 2015110 (base 7) to base 15.
4ae4a
What is 5b0a306 (base 12) in base 11?
9a89932
What is -d8095 (base 16) in base 14?
-1906a1
Convert 100100100001 (base 2) to base 4.
210201
What is 150031 (base 10) in base 3?
21121210201
What is 11110021 (base 3) in base 5?
100442
-280398 (base 10) to base 3
-112020122010
What is -11200303 (base 8) in base 15?
-32d7d7
10000101100110111 (base 2) to base 12
33707
-134805 (base 11) to base 12
-a231b
-10222221111222 (base 3) to base 11
-1221340
Convert 256530621 (base 7) to base 10.
16444758
-1240a69 (base 14) to base 4
-201122321011
15000505 (base 6) to base 12
209135
What is -101101101111010010 (base 2) in base 9?
-314882
What is 1bc5409 (base 14) in base 5?
12030433410
What is 134510012 (base 6) in base 9?
5145108
32403305 (base 6) to base 3
1211000201012
Convert -1085cd (base 14) to base 9.
-1044413
What is 111001010101100111111101 (base 2) in base 11?
8536937
Convert 100012120120121 (base 3) to base 8.
22524104
-1374562 (base 13) to base 7
-103163662
What is 78698 (base 12) in base 2?
100111000011010100
Convert 372678 (base 11) to base 12.
244b09
Convert -11023104 (base 6) to base 7.
-2542504
Convert 26416053 (base 7) to base 10.
2424705
What is 36830 (base 16) in base 6?
4441412
-231034041 (base 5) to base 7
-11533355
What is 8754b1 (base 13) in base 12?
1095590
-2122020200002 (base 3) to base 12
-57766b
What is 30330021103 (base 4) in base 10?
3392083
Convert -58495 (base 13) to base 11.
-100107
What is 194a76 (base 14) in base 8?
3327140
What i